{"id":163,"date":"2025-12-28T23:19:02","date_gmt":"2025-12-28T22:19:02","guid":{"rendered":"https:\/\/reussirensemblepoursaintmichel.fr\/?page_id=163"},"modified":"2026-01-11T13:35:34","modified_gmt":"2026-01-11T12:35:34","slug":"mentions-legales","status":"publish","type":"page","link":"https:\/\/reussirensemblepoursaintmichel.fr\/index.php\/mentions-legales\/","title":{"rendered":"Mentions l\u00e9gales"},"content":{"rendered":"\n<div class=\"wp-block-cover alignfull\" style=\"margin-top:0;margin-bottom:0;padding-top:0px;padding-bottom:80px;min-height:213px;aspect-ratio:unset;\"><img loading=\"lazy\" decoding=\"async\" width=\"1024\" height=\"576\" class=\"wp-block-cover__image-background wp-image-182 size-large\" alt=\"\" src=\"http:\/\/reussirensemblepoursaintmichel.fr\/wp-content\/uploads\/2026\/01\/Entete-arriere-plan-1024x576.png\" data-object-fit=\"cover\" srcset=\"https:\/\/reussirensemblepoursaintmichel.fr\/wp-content\/uploads\/2026\/01\/Entete-arriere-plan-1024x576.png 1024w, https:\/\/reussirensemblepoursaintmichel.fr\/wp-content\/uploads\/2026\/01\/Entete-arriere-plan-300x169.png 300w, https:\/\/reussirensemblepoursaintmichel.fr\/wp-content\/uploads\/2026\/01\/Entete-arriere-plan-768x432.png 768w, https:\/\/reussirensemblepoursaintmichel.fr\/wp-content\/uploads\/2026\/01\/Entete-arriere-plan.png 1366w\" sizes=\"auto, (max-width: 1024px) 100vw, 1024px\" \/><span aria-hidden=\"true\" class=\"wp-block-cover__background has-background-dim-0 has-background-dim\" style=\"background-color:#e9ceb0\"><\/span><div class=\"wp-block-cover__inner-container has-global-padding is-layout-constrained wp-container-core-cover-is-layout-d4c6b484 wp-block-cover-is-layout-constrained\">\n<div style=\"height:80px\" aria-hidden=\"true\" class=\"wp-block-spacer\"><\/div>\n\n\n\n<h1 class=\"wp-block-heading has-text-align-center has-text-color has-link-color has-system-font-font-family wp-elements-fbe16be448e5804878d2d0a630b2c2eb\" style=\"color:#ffffff;font-size:clamp(38.682px, 2.418rem + ((1vw - 3.2px) * 3.786), 72px);font-style:normal;font-weight:600\">MENTIONS L\u00c9GALES<\/h1>\n<\/div><\/div>\n\n\n\n<h2 class=\"wp-block-heading\">1. \u00c9diteur du site<\/h2>\n\n\n\n<p><strong>Nom :<\/strong> Thierry CROHIN<br><strong>Qualit\u00e9 :<\/strong> Responsable de la publication \u2013 Candidat aux \u00e9lections municipales<br><strong>Commune :<\/strong> Saint-Michel (France)<br><strong>Adresse e-mail :<\/strong> contact@reussirensemblepoursaintmichel.fr<\/p>\n\n\n\n<p>Le responsable de la publication est une personne physique.<\/p>\n\n\n\n<hr class=\"wp-block-separator has-alpha-channel-opacity\"\/>\n\n\n\n<h2 class=\"wp-block-heading\">2. H\u00e9bergement du site<\/h2>\n\n\n\n<p><strong>H\u00e9bergeur :<\/strong> OVHcloud<br><strong>Adresse :<\/strong> 2 rue Kellermann \u2013 59100 Roubaix \u2013 France<br><strong>T\u00e9l\u00e9phone :<\/strong> 1007<br><strong>Site web :<\/strong> <a href=\"https:\/\/www.ovhcloud.com\">https:\/\/www.ovhcloud.com<\/a><\/p>\n\n\n\n<hr class=\"wp-block-separator has-alpha-channel-opacity\"\/>\n\n\n\n<h2 class=\"wp-block-heading\">3. Propri\u00e9t\u00e9 intellectuelle<\/h2>\n\n\n\n<p>L\u2019ensemble des contenus pr\u00e9sents sur ce site (textes, images, photographies, graphismes, logos, documents, etc.) est la propri\u00e9t\u00e9 exclusive de l\u2019\u00e9diteur du site, sauf mention contraire.<\/p>\n\n\n\n<p>Toute reproduction, repr\u00e9sentation, modification, publication ou adaptation, totale ou partielle, de ces \u00e9l\u00e9ments, par quelque proc\u00e9d\u00e9 que ce soit, est interdite sans l\u2019autorisation \u00e9crite pr\u00e9alable de l\u2019\u00e9diteur.<\/p>\n\n\n\n<hr class=\"wp-block-separator has-alpha-channel-opacity\"\/>\n\n\n\n<h2 class=\"wp-block-heading\">4. Donn\u00e9es personnelles \u2013 Formulaire de contact<\/h2>\n\n\n\n<p>Le site comporte un formulaire de contact permettant aux utilisateurs d\u2019adresser un message \u00e0 l\u2019\u00e9quipe de campagne.<\/p>\n\n\n\n<p>Les donn\u00e9es collect\u00e9es (nom, adresse e-mail, message) sont strictement n\u00e9cessaires au traitement des demandes et ne sont <strong>ni c\u00e9d\u00e9es ni vendues \u00e0 des tiers<\/strong>.<\/p>\n\n\n\n<p>Conform\u00e9ment au R\u00e8glement G\u00e9n\u00e9ral sur la Protection des Donn\u00e9es (RGPD) et \u00e0 la loi \u00ab Informatique et Libert\u00e9s \u00bb, chaque utilisateur dispose d\u2019un droit :<\/p>\n\n\n\n<ul class=\"wp-block-list\">\n<li>d\u2019acc\u00e8s,<\/li>\n\n\n\n<li>de rectification,<\/li>\n\n\n\n<li>de suppression,<\/li>\n\n\n\n<li>d\u2019opposition au traitement de ses donn\u00e9es.<\/li>\n<\/ul>\n\n\n\n<p>Ces droits peuvent \u00eatre exerc\u00e9s en \u00e9crivant \u00e0 :<br>\ud83d\udce7 <strong>contact@reussirensemblepoursaintmichel.fr<\/strong><\/p>\n\n\n\n<p>Les donn\u00e9es sont conserv\u00e9es uniquement pour la dur\u00e9e n\u00e9cessaire au traitement des demandes.<\/p>\n\n\n\n<hr class=\"wp-block-separator has-alpha-channel-opacity\"\/>\n\n\n\n<h2 class=\"wp-block-heading\">5. Cookies<\/h2>\n\n\n\n<p>Le site peut utiliser des cookies strictement n\u00e9cessaires \u00e0 son bon fonctionnement ou \u00e0 des fins de mesure d\u2019audience.<\/p>\n\n\n\n<p>L\u2019utilisateur peut \u00e0 tout moment d\u00e9sactiver les cookies en configurant les param\u00e8tres de son navigateur.<\/p>\n\n\n\n<hr class=\"wp-block-separator has-alpha-channel-opacity\"\/>\n\n\n\n<h2 class=\"wp-block-heading\">6. Responsabilit\u00e9<\/h2>\n\n\n\n<p>L\u2019\u00e9diteur du site s\u2019efforce de fournir des informations aussi pr\u00e9cises que possible. Toutefois, il ne pourra \u00eatre tenu responsable des omissions, inexactitudes ou carences dans la mise \u00e0 jour des contenus.<\/p>\n\n\n\n<hr class=\"wp-block-separator has-alpha-channel-opacity\"\/>\n\n\n\n<h2 class=\"wp-block-heading\">7. Droit applicable<\/h2>\n\n\n\n<p>Le pr\u00e9sent site est soumis au droit fran\u00e7ais.<br>En cas de litige, les juridictions comp\u00e9tentes seront celles du ressort territorial du domicile de l\u2019\u00e9diteur.<\/p>\n","protected":false},"excerpt":{"rendered":"<p>1. \u00c9diteur du site Nom : Thierry CROHINQualit\u00e9 : Responsable de la publication \u2013 Candidat aux \u00e9lections municipalesCommune : Saint-Michel (France)Adresse e-mail : contact@reussirensemblepoursaintmichel.fr Le responsable de la publication est une personne physique. 2. H\u00e9bergement du site H\u00e9bergeur : OVHcloudAdresse : 2 rue Kellermann \u2013 59100 Roubaix \u2013 FranceT\u00e9l\u00e9phone : 1007Site web : https:\/\/www.ovhcloud.com 3. [&hellip;]<\/p>\n","protected":false},"author":1,"featured_media":0,"parent":0,"menu_order":0,"comment_status":"closed","ping_status":"closed","template":"","meta":{"_monsterinsights_skip_tracking":false,"_monsterinsights_sitenote_active":false,"_monsterinsights_sitenote_note":"","_monsterinsights_sitenote_category":0,"_uf_show_specific_survey":0,"_uf_disable_surveys":false,"footnotes":""},"class_list":["post-163","page","type-page","status-publish","hentry"],"aioseo_notices":[],"_links":{"self":[{"href":"https:\/\/reussirensemblepoursaintmichel.fr\/index.php\/wp-json\/wp\/v2\/pages\/163","targetHints":{"allow":["GET"]}}],"collection":[{"href":"https:\/\/reussirensemblepoursaintmichel.fr\/index.php\/wp-json\/wp\/v2\/pages"}],"about":[{"href":"https:\/\/reussirensemblepoursaintmichel.fr\/index.php\/wp-json\/wp\/v2\/types\/page"}],"author":[{"embeddable":true,"href":"https:\/\/reussirensemblepoursaintmichel.fr\/index.php\/wp-json\/wp\/v2\/users\/1"}],"replies":[{"embeddable":true,"href":"https:\/\/reussirensemblepoursaintmichel.fr\/index.php\/wp-json\/wp\/v2\/comments?post=163"}],"version-history":[{"count":2,"href":"https:\/\/reussirensemblepoursaintmichel.fr\/index.php\/wp-json\/wp\/v2\/pages\/163\/revisions"}],"predecessor-version":[{"id":279,"href":"https:\/\/reussirensemblepoursaintmichel.fr\/index.php\/wp-json\/wp\/v2\/pages\/163\/revisions\/279"}],"wp:attachment":[{"href":"https:\/\/reussirensemblepoursaintmichel.fr\/index.php\/wp-json\/wp\/v2\/media?parent=163"}],"curies":[{"name":"wp","href":"https:\/\/api.w.org\/{rel}","templated":true}]}}